) = -t**2 + 20*t - 90. Let o be n(s). What is the greatest common factor of o and 33?
3
Suppose 15*n - 12*n - 58 = -m, 5*n = 30. Suppose y + 4*c + 3 - 11 = 0, -5*y = 5*c - 85. What is the highest common divisor of m and y?
20
Let n = -199 + 5281. What is the highest common factor of 770 and n?
154
Suppose 3*q + 7 + 23 = 0. Let f be 51/5 - (-2)/q. Let s be (-180)/(4 - f) + (2 - 2). Calculate the highest common factor of 6 and s.
6
Suppose -8*g + 1182 + 1618 = 0. Suppose g = 4*p + 98. What is the highest common divisor of 18 and p?
9
Suppose 2*j + 10504 = 4*v, 5*v = 382*j - 378*j + 13127. What is the highest common divisor of 71 and v?
71
Suppose -6*s = 2*p - s - 29744, 5*p - 74393 = 4*s. What is the highest common factor of 171 and p?
171
Let l = -121 - -125. Let f = l - -9. Let x be 2/12 + (6526/12)/f. What is the greatest common divisor of x and 168?
42
Suppose 2*v + 3*d = 150, v - 2*d = 70 + 5. Suppose t = -3*t + h + 2101, -2623 = -5*t - 2*h. Calculate the greatest common factor of v and t.
75
Let u be 3/(-6)*-12 + (-1)/(-1). Suppose 132 = 2*c + 4*s, 2*c - u*s - 139 = -4*s. Calculate the greatest common divisor of c and 17.
17
Suppose -3*f + 11*f - 15475 + 7923 = 0. Calculate the highest common divisor of f and 32.
16
Let o = 2868 + -1658. Calculate the highest common factor of 20 and o.
10
Let a(x) = -2*x + 13. Let b be a(0). Let p be 31/(-6)*(b + -19). What is the highest common factor of p and 1147?
31
Let g(h) = -8*h - 12. Let b be g(-8). Let t be ((-96)/72)/((-8)/780). What is the greatest common divisor of t and b?
26
Let v = -3450 + 7202. Suppose 10*p = v + 18. What is the greatest common factor of 52 and p?
13
Let a(d) = -4*d**2 - 28*d + 14. Let u be a(-7). What is the highest common factor of 4438 and u?
14
Let s(a) = -7*a - 21. Let g(u) = -36*u - 105. Let x(z) = -5*g(z) + 24*s(z). Let y be x(0). Calculate the highest common factor of 35 and y.
7
Suppose 8*f = -6*f + 8*f + 1350. Calculate the greatest common divisor of 720 and f.
45
Let l(g) = -11*g - 214. Let d be l(0). Let h be d/(-1177) + 1296/11 + 1. What is the highest common factor of 7 and h?
7
Suppose 4*j - 2*c - 10 = 0, -4*j + 5*c + 11 = -8*j. Calculate the greatest common divisor of j and 38.
1
Suppose 2*v + 4*x - 28 = 0, 2*x - 2 = -v + 4*x. Let i(d) = 77*d + 19. Let s be i(2). Suppose 181 - s = 4*u. What is the greatest common factor of u and v?
2
Let a = -6 + 19. Let h = a + -3. Let l be 104/65*15/12. Calculate the greatest common divisor of l and h.
2
Let t(u) = -u**3 + 2. Let k(d) = 8*d**2 + d - 2. Let b be k(-2). Let q = -30 + b. Let m be t(q). Calculate the greatest common divisor of 10 and m.
10
Suppose 0 = -14*s + 1372 + 196. Calculate the highest common divisor of s and 528.
16
Suppose -16*z + 836 + 396 = 0. Suppose -5*r + w + 5017 = 5*w, 5*r - 5011 = -2*w. What is the greatest common divisor of z and r?
77
Let b(a) = 11*a - 455. Let f be b(73). What is the greatest common divisor of f and 638?
58
Let i(t) = -8*t**3 - 56*t**2 - 338*t + 6. Let y be i(-8). Calculate the greatest common factor of y and 36.
18
Suppose 2*q = q - 31. Let k = q + 49. Let v = 1022 + -986. What is the highest common divisor of k and v?
18
Let o(i) = 2*i**3 - i**2 - 33*i + 124. Let l be o(4). What is the greatest common divisor of l and 442?
26
Let y be (-8355296)/(-1768) - (-2)/13. Calculate the highest common divisor of 34 and y.
34
Let n be (-377)/((16/(-36))/((-12)/(-9))). What is the highest common factor of n and 78?
39
Let v be (-12)/(-15) - -9*66/45. Let d be (42/(-8))/((-33)/440). What is the greatest common divisor of v and d?
14
Let o(f) = -f**3 + 51*f**2 - 148*f + 203. Let d be o(48). Calculate the greatest common factor of 12628 and d.
11
Suppose 27*w = 3272 + 4532 + 1916. Calculate the greatest common factor of w and 3330.
90
Let u be ((-11)/(-33))/(4/(-48)). Let a be (-888)/(-12) + u*(0 + 1). What is the highest common divisor of 14 and a?
14
Let m(h) be the second derivative of h**3/3 + 21*h**2/2 - 115*h. Let r be m(3). What is the greatest common divisor of r and 63?
9
Let a be 58/((8/(-16))/(-1)). Let p = 8 + -3. Suppose -p*b + 6 = -139. Calculate the greatest common divisor of b and a.
29
Let o = 6890 + -6626. Calculate the highest common factor of 638 and o.
22
Let b(f) = 32 + 2*f**2 - 122*f - 125*f + 261*f. Let g be b(-4). Let r(w) = -4*w - 4. Let v be r(-6). What is the highest common factor of g and v?
4
Suppose 10 = -7*v + 101. Suppose 2490 + 669 = v*q. Calculate the greatest common divisor of 27 and q.
27
Suppose -61*f = 74*f - 1435 - 8015. Let a = -6 + 36. Calculate the highest common factor of a and f.
10
Suppose -2196*r = -2185*r - 10032. Calculate the greatest common divisor of 171 and r.
57
Let h = 28 + -22. Let v = 1529 - 1496. Calculate the greatest common factor of h and v.
3
Let v = 83 - 78. Let m(f) = -15*f + 82. Let b be m(v). What is the highest common factor of 56 and b?
7
Suppose -2430 = -21*p - 6*p. Let k = 37 + -22. Calculate the highest common factor of p and k.
15
Suppose 3*t - 5*t = -3*f + 6, -18 = 4*t - 3*f. Let n(j) = 9 + 2 + 0 - j + 6 - 19. Let b be n(t). What is the highest common factor of b and 12?
4
Suppose 5*a + 1084 - 4989 = 0. Suppose -3*s + 202 = -k, 5*k = -14801 + 14856. What is the highest common divisor of s and a?
71
Let s = 42099 - 41827. What is the highest common factor of 13328 and s?
272
Let t be ((-1920)/(-72))/(-16) - (1924/3)/(-2). Suppose 35 = 5*p - 0. Let j = 36 - p. What is the greatest common divisor of t and j?
29
Suppose 0 = -8*a + 227 + 629. Suppose a = 19*h - 140. Calculate the greatest common divisor of 208 and h.
13
Let t(w) = 24*w**2 + 10*w + 1. Let g be ((-4)/10)/((-5)/(-50)). Let i be t(g). What is the highest common factor of 23 and i?
23
Let v(f) = f**3 + 7*f**2 - 10*f - 2. Let y be v(-8). What is the greatest common divisor of y and 36?
2
Let r = 16 - -259. Suppose 11 = -11*u + r. What is the highest common factor of 104 and u?
8
Suppose -a + 2624 = -4*r + 636, 5*a + 5*r = 9965. Calculate the greatest common factor of a and 48.
24
Let b(g) = 1763*g - 6228. Let l be b(16). What is the highest common factor of l and 140?
140
Let p = -169924 + 170375. Suppose 170 - 6 = 4*c. What is the highest common factor of c and p?
41
Let g be 28*(-6)/(-24) + -8. Let w be g/27*-75 + 8/36. Let d be (-8)/28 - (-275)/7. Calculate the highest common divisor of w and d.
3
Suppose -4*g + 24*q = 28*q - 36, 0 = 3*g + 2*q - 22. Calculate the highest common divisor of g and 2724.
4
Let v(y) = 5*y**2 + 18*y - 11. Let k be v(-9). Let t(w) = 51*w + 240. Let p be t(-3). What is the highest common divisor of k and p?
29
Suppose 30 + 0 = -10*t. Let j(s) = s**2 - 2*s - 10. Let z be j(t). Suppose -6 + z = -d, v + 3*d = 575. What is the highest common factor of 52 and v?
52
Suppose -6*a - 4*b - 3424 = -10*a, 2*a - 4*b = 1728. Calculate the highest common factor of 2756 and a.
212
Let l = 3302 + -3259. What is the highest common divisor of l and 3354?
43
Suppose -373*c + 369*c = -12. Suppose 5*v + 6*i = 2*i + 98, 4*i = -c*v + 54. What is the highest common divisor of 2 and v?
2
Let u be (3 - (-153)/6)/(27*8/144). Let w(j) = j**2 + j + 5. Let i be w(-10). What is the highest common divisor of i and u?
19
Let k be -3 + (1304 - -4)/1. Let r be ((-6)/5)/((-58)/k). Let l = 8 - -28. What is the greatest common factor of l and r?
9
Let c(a) = a**2 - 63*a - 540. Let r be c(-21). What is the highest common factor of r and 192?
24
Let j = 449 + -426. Suppose -7458 - 1098 = -j*b. Calculate the highest common divisor of 12 and b.
12
Let z = 2 + 14. Suppose z*g = 21*g - 1560. Suppose -4*x = 3*i + 75 - g, 4*x - i - 241 = 0. What is the highest common divisor of x and 30?
30
Suppose 0 = -6*j - 12*j + 288. Let i(n) be the first derivative of n**3/3 - 3*n**2/2 - 4*n + 8. Let v be i(7). Calculate the highest common divisor of v and j.
8
Suppose 36*g - 31*g - 941 = 2*z, 386 = 2*g - 2*z. Suppose n + 7*h - 82 = 3*h, 0 = -4*n + 2*h + 292. What is the highest common factor of n and g?
37
Let d = 8328 + -6908. Calculate the greatest common divisor of 8804 and d.
284
Let p be 102/(-14)*(12 + -243). Calculate the greatest common factor of p and 85.
17
Let q = 13023 + -10273. What is the highest common factor of 40 and q?
10
Suppose 5*v - 3345 = 5*o, 3*o = 21*v - 25